hat is c(p)?
-4
Let m(g) be the third derivative of -g**4/6 - 5*g**3/6 + 2*g**2 + 67316*g. Suppose 4*v - 13 = -33. Give m(v).
15
Let g(n) = n**2 + 5*n + 2. Let q(b) = 2*b - 6*b + 8 + 3*b. Let k be q(5). Suppose f + 6 = o, -24 = -2*f + 6*f + k*o. Determine g(f).
8
Let j(a) = a**3 - 9*a**2 + 6*a - 13. Suppose 3*f = -5*s + 55, 681*f - 25 = 676*f. Calculate j(s).
-29
Suppose 0 = 3*u - 3*c - 390, -4*u = c - 449 - 91. Suppose 4*l - 189 = -3*j + 226, -j + 3*l = -u. Let q(a) = -67 + 2*a + j - 67. What is q(-6)?
-9
Let q(x) = -16*x**2 + 13*x - 14. Let o(c) = 13*c**2 - 14*c + 5. Let h(n) = -4*o(n) - 3*q(n). Determine h(5).
7
Let k = 59 - 27. Let a = k - 29. Let x(z) = 4 - 6 - 8*z - 4 - 9*z**2 + 364*z**a - 365*z**3. What is x(-8)?
-6
Let t(i) = 6*i**3 - 9*i**2 - 18*i. Let o(r) = -r**3 + r**2 + 3*r - 1. Let j(n) = -5*o(n) - t(n). Calculate j(6).
-49
Let w(m) = 5*m**2 - 26*m + 7. Let j be (6578/(-1794))/(22/(-36)). Calculate w(j).
31
Let h(y) be the third derivative of -y**6/120 - y**5/10 - y**4/4 + 5*y**3/6 - 10*y**2. Suppose -24*u - 164 = -68. Determine h(u).
-3
Suppose -60*y - 14 = 226. Let w(o) = -3*o**2 - 12*o - 5. What is w(y)?
-5
Let s(p) = 59*p - 184*p + 57*p + 63*p - 1179 + 1174. Suppose -y = v + 6, -3*v + 2*y + 3 - 36 = 0. Give s(v).
40
Let b(y) be the second derivative of -y**3/6 - 2*y**2 - 180*y. Let q = 30 + -25. Suppose 0 = -q*c + 10, -4*m - 2*c = 3*c - 30. Give b(m).
-9
Suppose 24 - 4 = -4*i. Let v(w) be the first derivative of 1/2*w**2 + 4*w - 1/4*w**4 + 404 - 5/3*w**3. Give v(i).
-1
Let m(v) = -12*v**2 + 2753*v + 7*v**2 - 2767*v - 7 + 3*v**2 + 0*v**2. Let x be 1/(-4) + 23/(-4). What is m(x)?
5
Let m(q) = q**2 + 11*q - 102. Let i be (-8950)/500 - (-4)/(-40). What is m(i)?
24
Let o(l) = -l**3 - 4*l**2 - 2*l + 12. Let g be o(-3). Let q(b) = -27*b + g*b + 6*b - 1. Let x = 6 + -4. Give q(x).
-25
Let t(y) = -3*y**2 + y + 2*y**3 - 5*y**3 + 5*y**2. Let c be t(-1). Let j(m) = 6*m**3 + 2*m + 3*m**2 + 11*m - 7*m - 7*m**3 + 2 - 1 - 3. Determine j(c).
6
Let m(j) = -159*j**2 + 21 + 442*j**2 - 138*j**2 - 14*j - 143*j**2. Determine m(4).
-3
Let u(q) = 2*q**3 + 52*q**2 + 49*q - 22. Suppose 58*k + 325 = 45*k. Calculate u(k).
3
Let f(a) = -9*a - 5. Let b be f(-5). Suppose b = 4*c - 4. Let u(k) be the second derivative of k**3/6 - 6*k**2 + 12*k - 377. Determine u(c).
-1
Let l(o) = 3*o - 1. Let j be (-5)/(-5)*7/(14/(-132)). Let f = j - -71. Give l(f).
14
Let c(u) be the second derivative of -7*u**3/6 + 55*u**2/2 - 65*u + 9. Give c(7).
6
Suppose -4*m - 2*g = g + 740, 4*m + 740 = -4*g. Let x = m - -183. Let u(r) = 4*r**3 + 4*r**2 + 2*r. Determine u(x).
-20
Let g(u) = u**2 + 6*u - 14. Let v be g(-8). Let i(z) = -6*z - 16. Let f(p) = p + 3. Let s(y) = v*i(y) + 11*f(y). What is s(0)?
1
Let d(o) = -199*o**2 - 198*o**2 + 2*o - 212*o**2 + 41 + 606*o**2. What is d(-4)?
-15
Let u(p) = p + 2. Let z be u(5). Let h be -23 + 21 + 5*2. Let v(x) = -9*x**2 - 6 + h*x**2 + 3*x**2 - 3*x**2 + 8*x + 0*x**2. Determine v(z).
1
Let m = 14 - 97. Let o = m + 89. Let a(k) = k**2 - o + 7 - 7*k - 3. Determine a(8).
6
Let x(d) = 7 + 4*d**2 - 5*d**2 + d**3 + 9*d + 0*d**2 + 5*d**2 - 12*d. Determine x(-5).
-3
Let x(q) = 5*q + 67. Let f be (-34)/(6800/(-75))*-40. Determine x(f).
-8
Let c(a) = 3 - 2*a + 132*a**2 - 2 - 7*a - 9*a - 133*a**2. What is c(-19)?
-18
Let z(x) = x - 16. Let v(w) = w**3 - 21*w**2 - 22*w + 3. Let n be v(22). Let r be (n - (6 + -18))/1. Determine z(r).
-1
Let a(j) = 43*j**3 - 14*j**2 - 26*j + 751. Let k(h) = 14*h**3 - 5*h**2 - 9*h + 265. Let m(b) = 6*a(b) - 17*k(b). Calculate m(1).
19
Let z(t) = 2*t**2 + 58*t + 29. Let a(b) = 2*b**2 + 52*b + 30. Let k(y) = -6*a(y) + 5*z(y). Give k(-9).
1
Let x(w) = 22*w - 96 - 48*w + 10*w + 10*w. Determine x(-17).
6
Let o(j) = 11*j**2 + 463*j + 45. Let z be o(-42). Let b(p) be the first derivative of -p**3/3 + 3*p**2/2 - 4*p + 5. What is b(z)?
-4
Let l(n) = 13*n + 472. Let h be l(-36). Let o(b) = 6*b - 33. What is o(h)?
-9
Let t(w) be the first derivative of w**4/24 + 13*w**3/6 - 3*w**2 - 13. Let v(y) be the second derivative of t(y). Let q be v(-6). Let m(d) = d. Give m(q).
7
Let p = -26 - -61. Suppose 20*a = 15*a + p. Suppose -4*t + 9 + a = 0. Let i(f) = f**3 - 5*f**2 + 5*f - 5. Determine i(t).
-1
Let h(d) be the second derivative of -d**4/12 + d**3/6 - d**2/2 - 13*d. Let u = 54 - 53. Let l(w) = 12*w**2 - 7*w + 5. Let k(o) = u*l(o) + 6*h(o). Give k(-1).
6
Let w(z) = -9*z + 3. Suppose -18*d - 87 + 105 = 0. Give w(d).
-6
Let u(a) = a**2 - 5*a + 2. Let g(r) = 16*r**2 + 3*r - 4. Let v be g(-3). Let f = v - 112. Suppose 23*m = f*m + 16. What is u(m)?
-2
Let p(a) be the third derivative of a**5/10 + 3*a**4/2 + 5*a**3/6 + 570*a**2 - 1. Give p(-6).
5
Let m(z) = -z + 7. Suppose 3*g = -258 + 78. Let y = g - -47. Let x = -7 - y. Give m(x).
1
Let k be (2/6 - (-13 - -15))*-3. Suppose -60*b = -k*b + 55. Let n(x) = -5*x**2 - x - 1. Determine n(b).
-5
Let r(a) be the second derivative of 2*a**3/3 + 86*a**2 + 174*a - 2. Give r(-36).
28
Let m = 278 + -286. Let b be 0 - m/3 - (-132)/(-198). Let c(a) = -a**2 - a. Calculate c(b).
-6
Suppose 57 = 4*w + 16*p - 11*p, -3*p - 27 = -w. Suppose 7*i - 121 = w*i. Let x(n) = -2*n**2 - 21*n + 16. What is x(i)?
5
Let d(r) = r**3 + 4*r**2 - 2*r + 4. Suppose 0 = -4*l - 3*g - 76 + 56, -5*l - 25 = -5*g. Determine d(l).
-11
Let p = 622 - 655. Let i be (-3)/1 + (-10)/(30/p). Let m(v) = v**3 - 7*v**2 - 8*v - 11. Determine m(i).
-11
Let s(j) = 3*j**3 + 21*j**2 - 11*j - 30. Let l be s(-7). Let t(i) = 3*i - 145. Give t(l).
-4
Let u(d) = 33*d**3 - 3*d**2 + 6*d + 18. Let o be u(-2). Let h = o + 267. Let v(n) = -n**3 - 4*n**2 - 3*n + 1. Calculate v(h).
1
Let a(n) = -6*n**2 - 8 + 8 - 2*n**3 + 3*n**3 + 6*n. Let q be (17 + -5 - -3) + -7 - 3. Give a(q).
5
Let a(f) be the first derivative of -f**4/4 - 3*f**3 - 9*f**2/2 + 13*f - 1614. Determine a(-7).
-22
Let y(p) = 6*p - 7. Let b = 7508 + -7520. Give y(b).
-79
Let o be (-8)/(-48) - (-490)/(-60). Let i(p) = 2*p + 9. Calculate i(o).
-7
Suppose 7*r - 181 = -167. Let b = 1 + 6. Let y(u) = -u + b - r*u + 2*u. Determine y(9).
-2
Let i be (-1009)/9 + -1 - 89/(-801). Let x = 102 + i. Let q(y) = y + 15. Calculate q(x).
4
Let y(z) = 18*z**3 + 3*z - 19*z**2 + 2 + 5*z**2 - 12*z**3 + 4*z**3 - 12*z**3. What is y(-7)?
-19
Let s be (18/(-15))/(4/(-10)). Let a(x) = x**2 - 4*x + 3. Let c be a(4). Let d(f) = 4*f**2 + 0 - f**s - 10*f**2 - 4 - c*f - 5. Give d(-6).
9
Let q be 26/234 + (-262)/9 + 4 + 1. Let d(l) = -7*l - 169. Calculate d(q).
-1
Let x(o) = 30 - 6*o + 10*o + 42 - 104. What is x(11)?
12
Suppose -4*d = -8*x + 3*x + 2, -4*d - 4*x = -16. Let t(r) = 10*r + 52*r**2 - 21*r**d + 2 - 30*r**2. What is t(-9)?
-7
Let f(g) be the third derivative of -g**4/24 + g**3/3 + 16*g**2. Let t be 3/5 + 21/15. Suppose x + 7 = t*x. What is f(x)?
-5
Let z(i) = -i**2 + 3*i - 1. Suppose 2*p = r + 182, 11*r + 4*p + 372 = 9*r. Let k = 190 + r. Determine z(k).
-19
Let g(m) be the first derivative of 2/3*m**3 - 340 + 0*m**2 - m + 41/4*m**4. What is g(-1)?
-40
Let q(g) = g**2 + 8*g + 3. Let r be q(7). Suppose 0 = -3*z + 114 - r. Let t(y) = -z + 0 - 3*y + y. Calculate t(4).
-10
Let v(o) = o**3 + 9*o**2 + 7*o - 6. Let g be v(-8). Let n be 2/g - 1 - 3. Let w(s) be the second derivative of -s**3/6 - s**2/2 - 68*s + 1. What is w(n)?
2
Suppose -5*l - 15 = 0, -6*l - 24 = -2*x - 8*l. Let j(y) = 3*y**2 - 44*y - 4. What is j(x)?
11
Suppose 5*w - 124 + 89 = 0. Let k(p) = 2 + 3*p**2 + 3*p**2 - w*p**2 + 2*p**2 - 8*p. Determine k(3).
-13
Let m be (-40016)/(-3660) + (-2)/(-30). Let p(h) = -2*h**2 + 21*h + 14. Determine p(m).
3
Let j(x) = 14*x**2 + 5*x - 1. Let z(n) = 71*n**2 + 27*n - 5. Let u be ((-9)/3)/((168/(-88))/(-7)). Let p(d) = u*j(d) + 2*z(d). What is p(1)?
-12
Suppose -2*r = 2*r + 5*f + 20, 20 = -4*r - 4*f. Let i(q) = q**2 + 3*q + 1. Let a be i(1). Let g(t) = -t**2 - 8*t + 3*t + t - a. What is g(r)?
-10
Let r(c) = -c**3 + 5*c**2 + 4*c + 13. Let k(w) = w**2 - w - 3. Let z(g) = -3*k(g) - r(g). Determine z(9).
68
Let r(j) = -j**3 + j**2 + j - 2. Suppose 3*z = -3*z + 12. Let b(f) = 5*f - 3 - 2*f**3 - f**z - 7*f + 4*f + 3*f**2. Let c(m) = -2*b(m) + 5*r(m). Calculate c(0).
-4
Let f(h) = 7*h - 26. Let l(u) = -8*u + 29. Let x(z) = 6*f(z) + 5*l(z). Let p(s) = -2*s + 11. Let c(w) = -6*p(w) - 7*x(w). Determine c(0).
11
Let u(v) = -3*v - 67 